{"id":40,"date":"2016-03-12T14:25:39","date_gmt":"2016-03-12T14:25:39","guid":{"rendered":"http:\/\/nvs-al.ch\/?page_id=40"},"modified":"2016-09-18T14:14:28","modified_gmt":"2016-09-18T14:14:28","slug":"wir-ueber-uns","status":"publish","type":"page","link":"https:\/\/nvs-al.ch\/?page_id=40","title":{"rendered":"Wir \u00fcber uns"},"content":{"rendered":"<h5 style=\"padding-left: 30px;\">Der Natur- und Vogelschutzverein f\u00f6rdert die Artenvielfalt in und um unsere Gemeinden auf vielf\u00e4ltige Weise. Wir veranstalten Exkursionen und Vortr\u00e4ge, pflegen rund 1000 Nistk\u00e4sten und beteiligen uns mit wechselnden Aktionen am Gemeindeleben, z.B. Bauen von Wildbienenhotels oder Pflanzen von Nutzhecken.<\/h5>\n<h5 style=\"padding-left: 30px;\">Wir beraten Interessierte bei der Um- oder Neugestaltung von G\u00e4rten und pflegen regelm\u00e4ssigen Austausch mit \u00f6ffentlichen Stellen, z.B. mit Gemeindebeh\u00f6rden und der Forstaufsicht.<\/h5>\n<h5 style=\"padding-left: 30px;\">Neben dieser Website publizieren wir Tips und Veranstaltungshinweise auch im Allgemeinen Anzeiger und auf den Websites der Gemeinden Altnau und Langrickenbach.<\/h5>\n","protected":false},"excerpt":{"rendered":"<p>Der Natur- und Vogelschutzverein f\u00f6rdert die Artenvielfalt in und um unsere Gemeinden auf vielf\u00e4ltige Weise. Wir veranstalten Exkursionen und Vortr\u00e4ge, pflegen rund 1000 Nistk\u00e4sten und beteiligen uns mit wechselnden Aktionen am Gemeindeleben, z.B. Bauen von Wildbienenhotels oder Pflanzen von Nutzhecken. Wir beraten Interessierte bei der Um- oder Neugestaltung von G\u00e4rten\u2026<\/p>\n<p> <a class=\"continue-reading-link\" href=\"https:\/\/nvs-al.ch\/?page_id=40\"><span>Weiterlesen<\/span><i class=\"crycon-right-dir\"><\/i><\/a> <\/p>\n","protected":false},"author":1,"featured_media":0,"parent":0,"menu_order":0,"comment_status":"closed","ping_status":"closed","template":"","meta":{"footnotes":""},"class_list":["post-40","page","type-page","status-publish","hentry"],"_links":{"self":[{"href":"https:\/\/nvs-al.ch\/index.php?rest_route=\/wp\/v2\/pages\/40","targetHints":{"allow":["GET"]}}],"collection":[{"href":"https:\/\/nvs-al.ch\/index.php?rest_route=\/wp\/v2\/pages"}],"about":[{"href":"https:\/\/nvs-al.ch\/index.php?rest_route=\/wp\/v2\/types\/page"}],"author":[{"embeddable":true,"href":"https:\/\/nvs-al.ch\/index.php?rest_route=\/wp\/v2\/users\/1"}],"replies":[{"embeddable":true,"href":"https:\/\/nvs-al.ch\/index.php?rest_route=%2Fwp%2Fv2%2Fcomments&post=40"}],"version-history":[{"count":3,"href":"https:\/\/nvs-al.ch\/index.php?rest_route=\/wp\/v2\/pages\/40\/revisions"}],"predecessor-version":[{"id":131,"href":"https:\/\/nvs-al.ch\/index.php?rest_route=\/wp\/v2\/pages\/40\/revisions\/131"}],"wp:attachment":[{"href":"https:\/\/nvs-al.ch\/index.php?rest_route=%2Fwp%2Fv2%2Fmedia&parent=40"}],"curies":[{"name":"wp","href":"https:\/\/api.w.org\/{rel}","templated":true}]}}